3*x, -2*x = 4*z + 1 + 5. Suppose -i - 51 = -z*i. Is 2/6 - 646/i a multiple of 5?
False
Let r = 580 - 383. Is 91 a factor of r?
False
Let a(g) = 3*g**2 - 2*g + 1. Let i be a(2). Suppose i*c - 6 = 6*c. Suppose -112 = -2*t + c*f, -5*t + 112 = f - 162. Does 17 divide t?
False
Suppose 0 = -8*h + 7*h + 187. Suppose -3*f + h = -5*p, -2*f - 3*p + 259 = 2*f. Is 16 a factor of f?
True
Let y = 26 + 61. Let g = y + -46. Does 17 divide g?
False
Let c be -2*((-309)/6 + 0). Suppose v + 10 = 3*v. Suppose c = v*f - 122. Does 24 divide f?
False
Suppose -342 - 578 = -5*n - 2*w, 5*n - 4*w = 890. Let q = n - 58. Does 28 divide q?
False
Let a(x) = -x**3 - 25*x**2 + 31*x - 70. Is a(-27) a multiple of 21?
False
Suppose -14*g - 1099 + 5635 = 0. Is g a multiple of 6?
True
Suppose 4 = 4*i - 4. Suppose 3*j - 3*x = 42, -2*j - j = -i*x - 43. Suppose 3 = -2*k + j. Is k a multiple of 3?
True
Let a = 8 + 24. Is a + -8 - 2*2 a multiple of 9?
False
Suppose 0 = 5*u + 9 - 14. Is 16 a factor of (u - -7)/((-1)/95*-5)?
False
Let a(v) = 24*v - 8 - 25*v + 1. Let t be a(-10). Is 0 - (-424)/(12/t) a multiple of 29?
False
Let u be (-1)/(3 - 14/5). Is 12 a factor of (36/u)/(3/(-15))?
True
Let g = 278 - 481. Let j = g - -294. Does 13 divide j?
True
Is 16 a factor of (-16 - -4)*(-50)/(-45)*-60?
True
Suppose 7*m + 4778 = 9*m + 2*z, 0 = 3*z + 9. Is m a multiple of 13?
True
Is 15 a factor of 237/(-4)*40/(-5)?
False
Let p be (1/(-2))/(20/(-4240)). Is 24 a factor of 2 + p/2 - -2?
False
Let n(k) = 19*k**2 + 2*k. Let m be n(2). Let i = m + 36. Is 29 a factor of i?
True
Let s be (5 - 0) + 0*6/24. Suppose -254 = -s*d - 94. Does 25 divide d?
False
Suppose 20 = 4*i + 4*r, i = -3*i - r + 11. Let k be 9*(i + (-7)/3). Is 18*(-2 - 8/k) a multiple of 4?
True
Let w(r) = 6*r**3 - 4*r**2 + 2*r + 4. Let m be w(-3). Is m/12*(-108)/15 a multiple of 15?
True
Let b = 70 + -40. Let w be (b/(-35))/(2/14). Let t = w - -16. Is 6 a factor of t?
False
Let p = 32 + 358. Is p a multiple of 3?
True
Let f(k) = 4*k + 201. Is 9 a factor of f(-39)?
True
Let f be (2 - 2)/((-6 + -4)/(-5)). Suppose -2*v + x + 12 = -f*x, v + 3*x = 20. Does 2 divide v?
True
Let k = -19 - -21. Suppose 2*n = 3*p - 13, -5*n - 3*p + 23 - 3 = 0. Does 15 divide k - (39/n)/(-3)?
True
Does 8 divide 24*(2 - -1*3/9)?
True
Let r = -7 + 17. Suppose 5*o - 4*z + 7 + 6 = 0, 5*o - 5*z = -r. Let g(i) = -i**2 - 6*i + 7. Is 6 a factor of g(o)?
True
Suppose 2*m = 4*g + 78, -g = -5*m + 124 + 107. Suppose -m + 242 = 5*a. Is 13 a factor of a?
True
Suppose -5*b = -4*u + 9, -4*u + 10 = -3*b - 5. Let y = u - -44. Does 4 divide y?
False
Suppose s + 2*s = -3*k + 21, 0 = 5*s + 3*k - 25. Suppose -s*t = o - 6*o + 76, 0 = -5*o - t + 82. Is 12 a factor of o?
False
Let w be (108/15 - 2)*-5. Let c = w + 25. Is 13 a factor of 37 + c + (20 - 17)?
True
Let s(b) = -11*b + 3. Let g(r) = 3*r - 1. Let y(o) = 18*g(o) + 4*s(o). Does 12 divide y(9)?
True
Let s(q) = q**3 - 2*q**2 + 3. Let b be s(-3). Let j be (b - -2)/((-2)/(-48)). Does 9 divide j/(-36) - (-2)/6?
True
Suppose -8*f + 417 = -5*f. Is f a multiple of 13?
False
Suppose -2*y + 4*y + 34 = 4*w, -5*y = 5*w - 35. Is 10 a factor of (1/4*-47)/((-2)/w)?
False
Let y(r) = -r**2 - 5*r + 3. Let g be y(-5). Suppose 30 + 36 = g*j. Suppose 3*b = j + 11. Is 11 a factor of b?
True
Suppose -10 = -u - 2*t, 0 + 15 = 3*t. Let p = 0 - u. Suppose f - 11 = -p*f. Is f a multiple of 4?
False
Let x(n) = 3 + 8*n + 19*n + 40*n. Is 7 a factor of x(1)?
True
Let o = 355 - 110. Does 6 divide o?
False
Let u = 1 - -1. Let c be u + 4/(8/102). Let o = -26 + c. Is 8 a factor of o?
False
Let y = 480 + -225. Is 35 a factor of y?
False
Suppose -13*w - 40 = -17*w. Let n(x) = -x**3 + 11*x**2 - 7*x - 10. Is 10 a factor of n(w)?
True
Let y(u) be the first derivative of u**2/2 - 7*u + 2. Let d be y(6). Let x = d + 13. Is x even?
True
Suppose -4*r - 185 = -3*t, 5*r - 318 = -5*t + 2*r. Is t a multiple of 21?
True
Let l = 1569 + -2216. Is l/(-11) + 12/66 a multiple of 4?
False
Is 19 a factor of (-997)/((-30)/34 - (-32)/(-272))?
False
Let p be (624/(-30))/((-4)/10). Suppose -2*z + 20 + p = 0. Is 6 a factor of z?
True
Let v = -15 + 8. Let q be 2*((-84)/8)/v. Let n = q - -27. Does 15 divide n?
True
Suppose -2*j - 89 = -r - 5*j, -411 = -4*r - j. Let b = 179 - r. Is 38 a factor of b?
False
Suppose 0 = -2*m + 9 - 1. Suppose -m*y = -0*y + a - 190, a + 194 = 4*y. Is 12 a factor of y?
True
Suppose 0 = -16*z - 5*z + 13755. Does 11 divide z?
False
Let l(x) be the first derivative of -x**7/840 + x**6/72 + x**5/15 + 5*x**4/24 - x**3 - 1. Let h(n) be the third derivative of l(n). Is h(6) a multiple of 7?
False
Suppose -2 = -j + 3. Suppose -j*d + 38 = 2*k, -4*d + 8*k = 4*k - 36. Is d a multiple of 5?
False
Let y = 0 - 39. Does 24 divide 6/y - (-392)/13?
False
Let c = 702 + 982. Does 9 divide c?
False
Let c(g) = -10*g - 2. Suppose -a + 1 = -0*a. Suppose 3 - a = -w. Is c(w) a multiple of 18?
True
Let l(d) = -75*d - 319. Does 20 divide l(-21)?
False
Let b be (-7)/((-77)/20) - (-4)/22. Suppose 3*m = 5*d - b, 0 = -2*m + d + 2 + 6. Is 6 a factor of m?
True
Suppose -2*u + 12 = -x, -3 = x - 7. Suppose 3*v - 129 = 4*i, 3*v + 5*i - u = 94. Is v a multiple of 13?
True
Let f(o) = o**3 - o - 1. Let i(a) = -3*a**3 + 19*a**2 - 14*a + 10. Let q(c) = 2*f(c) + i(c). Let g be 72/(-8)*(-3 - -1). Does 22 divide q(g)?
True
Suppose -18*w + 13*w + 450 = 0. Let k = w + -35. Does 3 divide k?
False
Let i = -570 - -1039. Does 7 divide i?
True
Let v(y) = y**3 - 4*y**2 + 4*y + 4. Let r be v(3). Suppose 4*u = 161 + r. Does 23 divide u?
False
Let t(g) = 6*g - 62. Suppose 0*y - y = -q + 27, q - 24 = 4*y. Is 6 a factor of t(q)?
False
Let f = 466 + -121. Does 4 divide f?
False
Let z = 61 - 58. Suppose a + 643 = z*h, 0 = -4*h - 2*a + 177 + 687. Is 46 a factor of h?
False
Let h = -133 + 99. Let q = h - -44. Is 5 a factor of q?
True
Suppose 0 = p + 3*p - 8. Suppose -x - 83 = -l, -3*l + 0*x - p*x + 254 = 0. Is l a multiple of 28?
True
Let s(q) = -2*q**3 + 2*q**2 - q + 290. Is 29 a factor of s(0)?
True
Let a = -16 + 11. Let x = a - -5. Suppose 4*i - 9 - 23 = x. Is i a multiple of 7?
False
Suppose 2956 = 3*l - 4*v, l - 968 = -5*v + 2*v. Does 73 divide l?
False
Suppose 11*f + 0*f = 28424. Is 38 a factor of f?
True
Suppose 5*l = 577 + 263. Does 40 divide l?
False
Let m(c) = 43*c + 7. Let x be m(-4). Let w = -54 - x. Suppose -49 = -2*k - d, -4*d - w = -4*k + 5. Is 13 a factor of k?
True
Let g be (155/(-20)*6)/(2/(-40)). Suppose 0 = 6*s - s - g. Is s a multiple of 31?
True
Let r(k) = k**2 - 9. Let f be r(-10). Suppose -9*a = -f - 206. Is a a multiple of 7?
False
Let g = 60 + -36. Suppose -g = -h + 10. Is 8 a factor of h?
False
Suppose -136 = -4*v - 4*j, 4*v = -3*j + 127 + 6. Suppose -4*r + v = b - 5, -5*b + 4*r = -204. Is 5 a factor of b?
True
Suppose -13*a = -10*a - 1056. Does 32 divide a?
True
Let t = 50 - 6. Let q = 19 + -19. Let l = t - q. Does 15 divide l?
False
Let w(x) be the second derivative of -x**4/6 - 4*x**3 - 4*x**2 - 44*x. Is 6 a factor of w(-11)?
False
Let c be 1 - -2 - 0 - -25. Suppose 4*k - c = -0*k. Does 7 divide k?
True
Let d = 624 + -485. Is d even?
False
Let p(s) = -2*s - 3*s**2 + 13 + 0*s + 4*s**2 - 2*s. Does 15 divide p(8)?
True
Let x be 4 - (-7)/(28/3564). Suppose t - 111 = 2*d - 396, x = -3*t - 2*d. Is 4 a factor of t/(-11) - 4/(-22)?
False
Let u(j) = -155*j**3 - 3*j**2 - j + 2. Let y be u(-2). Suppose y = -11*c + 3*c. Let d = -80 - c. Is d a multiple of 40?
False
Let u(o) = o**3 - 3*o**2 + 4*o. Is u(3) a multiple of 4?
True
Let q(f) be the second derivative of -f**5/20 + 13*f**4/12 + 8*f**3/3 - 6*f**2 - 2*f. Let y(r) = 13*r + 1. Let j be y(1). Is 8 a factor of q(j)?
True
Let g(d) = -d**2 - d + 16. Let y be g(-4). Suppose 4*o + 2*m = -0*o + 226, 4*o + y*m = 216. Is o a multiple of 12?
False
Suppose u - 512 = -4*s, 2*s + 3*u = 2*u + 256. Suppose 3*x = x + s. Does 12 divide x?
False
Suppose 0 = -q + 4*j + 92, -2*j = -4*q - 50 + 446. Suppose x = 6*x - q. Does 20 divide x?
True
Let l = -63 + 72. Suppose 0*u + 36 = l*u. Does 4 divide u?
True
Let k = 841 + -721. Is k a multiple of 12?
True
Let s(j) = 2*j + 2 + 0*j - 4*j. Let o be s(3). Is 220/14 - o/14 a multiple of 8?
True
Let t be (18/15)/((-6)/15). Let u(k) = -k**3 - 3*k**2 - 2*k - 3. Let d be u(t). Suppose -40 = -3*c - 4*r, -c + 2*r + 45 = -d*r. Is c a multiple